 255 a multiple of 17?
True
Is 2700 a multiple of 6?
True
Does 13 divide 9929?
False
Does 100 divide 67556?
False
Does 29 divide 41122?
True
Does 7 divide 38610?
False
Is 776 a multiple of 10?
False
Is 26 a factor of 392?
False
Is 61020 a multiple of 4?
True
Is 22638 a multiple of 22?
True
Is 2324 a multiple of 83?
True
Is 350 a multiple of 7?
True
Is 1344 a multiple of 28?
True
Is 254 a multiple of 3?
False
Does 87 divide 8265?
True
Does 30 divide 52326?
False
Does 9 divide 792?
True
Is 36 a factor of 3129?
False
Is 6090 a multiple of 17?
False
Is 9 a factor of 147?
False
Is 13 a factor of 4849?
True
Is 84 a factor of 2268?
True
Is 14 a factor of 656?
False
Is 193 a multiple of 3?
False
Is 18 a factor of 10692?
True
Does 41 divide 17736?
False
Does 4 divide 60?
True
Is 130 a factor of 4290?
True
Is 102 a multiple of 4?
False
Is 12 a factor of 44520?
True
Is 1088 a multiple of 8?
True
Is 39 a factor of 41013?
False
Is 2090 a multiple of 110?
True
Is 11 a factor of 2045?
False
Does 234 divide 7956?
True
Is 7988 a multiple of 11?
False
Is 20498 a multiple of 119?
False
Does 15 divide 2027?
False
Is 5 a factor of 3345?
True
Is 8148 a multiple of 84?
True
Is 506 a multiple of 8?
False
Is 6 a factor of 4493?
False
Is 5906 a multiple of 76?
False
Is 18 a factor of 1020?
False
Does 60 divide 2244?
False
Does 33 divide 457?
False
Is 8 a factor of 1425?
False
Is 1563 a multiple of 25?
False
Does 33 divide 15213?
True
Does 117 divide 3401?
False
Is 19 a factor of 66896?
False
Is 111732 a multiple of 15?
False
Is 27 a factor of 39?
False
Does 156 divide 40989?
False
Is 1035 a multiple of 19?
False
Is 24 a factor of 378?
False
Is 679 a multiple of 20?
False
Is 334 a multiple of 23?
False
Is 117 a multiple of 11?
False
Is 2048 a multiple of 20?
False
Is 1337 a multiple of 10?
False
Is 15453 a multiple of 17?
True
Is 17445 a multiple of 15?
True
Is 11 a factor of 470?
False
Is 240 a multiple of 15?
True
Does 31 divide 4294?
False
Is 448 a multiple of 14?
True
Does 216 divide 32832?
True
Does 61 divide 1197?
False
Does 6 divide 38?
False
Is 1366 a multiple of 7?
False
Does 23 divide 830?
False
Does 54 divide 22615?
False
Is 20 a factor of 271?
False
Is 629 a multiple of 28?
False
Is 5 a factor of 5596?
False
Does 34 divide 476?
True
Is 2024 a multiple of 4?
True
Is 185 a multiple of 3?
False
Is 391 a multiple of 8?
False
Is 3025 a multiple of 55?
True
Is 23 a factor of 858?
False
Is 30 a factor of 1782?
False
Is 44 a multiple of 4?
True
Does 10 divide 743?
False
Is 86 a multiple of 43?
True
Is 32 a factor of 17470?
False
Is 10 a factor of 41396?
False
Is 470 a multiple of 10?
True
Is 2043 a multiple of 21?
False
Does 125 divide 22486?
False
Is 10 a factor of 1520?
True
Is 59 a factor of 34006?
False
Is 162 a factor of 6289?
False
Does 12 divide 99580?
False
Does 24 divide 1453?
False
Is 63899 a multiple of 37?
True
Is 11 a factor of 62564?
False
Is 18 a factor of 14364?
True
Is 152 a factor of 10226?
False
Is 1354 a multiple of 34?
False
Does 163 divide 49397?
False
Is 941 a multiple of 20?
False
Does 22 divide 139194?
True
Is 268 a factor of 12328?
True
Is 11 a factor of 592?
False
Is 122 a multiple of 4?
False
Is 34 a factor of 2380?
True
Is 880 a multiple of 16?
True
Is 418 even?
True
Is 526 a multiple of 5?
False
Is 8334 a multiple of 6?
True
Is 18329 a multiple of 10?
False
Is 364 a multiple of 28?
True
Does 15 divide 345?
True
Is 3064 a multiple of 2?
True
Is 23184 a multiple of 112?
True
Does 81 divide 26487?
True
Is 122 a factor of 8288?
False
Is 21 a multiple of 4?
False
Does 6 divide 6017?
False
Is 1373 a multiple of 35?
False
Is 40801 a multiple of 269?
False
Is 271 a multiple of 20?
False
Does 10 divide 9623?
False
Is 3963 a multiple of 12?
False
Does 14 divide 258?
False
Is 67494 a multiple of 52?
False
Does 11 divide 2783?
True
Is 24 a factor of 2295?
False
Is 294 a factor of 109602?
False
Is 45 a factor of 1130?
False
Is 31 a factor of 47306?
True
Is 6930 a multiple of 45?
True
Is 104 a factor of 8216?
True
Is 3 a factor of 8217?
True
Is 15694 a multiple of 11?
False
Is 1703 a multiple of 79?
False
Does 204 divide 20598?
False
Does 16 divide 608?
True
Is 16302 a multiple of 78?
True
Is 21034 a multiple of 84?
False
Is 646 a multiple of 34?
True
Is 5016 a multiple of 76?
True
Is 20 a factor of 340?
True
Is 22 a factor of 34?
False
Is 826 a multiple of 18?
False
Is 1050 a multiple of 50?
True
Does 26 divide 52?
True
Does 25 divide 4282?
False
Does 9 divide 2268?
True
Does 13 divide 16693?
False
Is 2254 a multiple of 19?
False
Is 29 a factor of 1276?
True
Is 6930 a multiple of 15?
True
Does 85 divide 40434?
False
Does 7 divide 301?
True
Is 4 a factor of 12405?
False
Does 17 divide 442?
True
Does 17 divide 3509?
False
Does 24 divide 312?
True
Does 13 divide 1946?
False
Is 19 a factor of 262?
False
Does 13 divide 590?
False
Is 12 a factor of 1032?
True
Is 1030 a multiple of 103?
True
Is 70 a factor of 6020?
True
Does 84 divide 2450?
False
Is 344 a factor of 76712?
True
Does 16 divide 3408?
True
Is 2372 a multiple of 13?
False
Is 14 a factor of 5793?
False
Is 40 a factor of 3720?
True
Is 26 a factor of 705?
False
Is 33216 a multiple of 13?
False
Does 9 divide 2769?
False
Is 990 even?
True
Does 57 divide 447?
False
Is 32 a factor of 288?
True
Does 14 divide 5768?
True
Does 11 divide 31404?
False
Is 11 a factor of 9262?
True
Is 3235 a multiple of 9?
False
Is 16 a factor of 1056?
True
Does 62 divide 95852?
True
Is 1540 a multiple of 44?
True
Is 94 a factor of 2350?
True
Is 17 a factor of 1009?
False
Does 22 divide 477?
False
Is 2996 a multiple of 52?
False
Does 48 divide 38115?
False
Is 9 a factor of 448?
False
Is 8256 a multiple of 129?
True
Does 6 divide 308?
False
Is 1785 a multiple of 28?
False
Is 59 even?
False
Is 63503 a multiple of 10?
False
Does 66 divide 55986?
False
Is 10 a factor of 740?
True
Does 16 divide 15824?
True
Is 8 a factor of 498?
False
Is 14189 a multiple of 48?
False
Is 7455 a multiple of 62?
False
Does 21 divide 1050?
True
Is 21 a factor of 35?
False
Is 9 a factor of 360?
True
Is 57 a factor of 15275?
False
Is 67 a factor of 4623?
True
Does 41 divide 18003?
False
Is 1152 a multiple of 18?
True
Does 83 divide 37538?
False
Is 47 a factor of 2256?
True
Does 4 divide 294?
False
Is 92 a factor of 24644?
False
Is 183 a multiple of 15?
False
Is 14523 a multiple of 47?
True
Is 1344 a multiple of 32?
True
Does 7 divide 2697?
False
Does 13 divide 39?
True
Is 554 a multiple of 12?
False
Is 107 a factor of 1284?
True
Is 4520 a multiple of 10?
True
Is 21142 a multiple of 153?
False
Is 72138 a multiple of 38?
False
Does 5 divide 110?
True
Does 201 divide 954?
False
Does 53 divide 5989?
True
Is 241 even?
False
Is 50 a factor of 6538?
False
Does 27 divide 17145?
True
Does 72 divide 5976?
True
Does 12 divide 696?
True
Is 6441 a multiple of 113?
True
Is 82 a factor of 7671?
False
Is 32 a factor of 3392?
True
Does 27 divide 28890?
True
Is 271 a factor of 9485?
True
Is 14043 a multiple of 93?
True
Does 9 divide 9672?
False
Does 17 divide 4760?
True
Is 51 a factor of 4824?
False
Is 12 a factor of 6811?
False
Is 12 a factor of 900?
True
Does 184 divide 63355?
False
Is 216 a multiple of 8?
True
Is 6319 a multiple of 61?
False
Does 7 divide 997?
False
Is 41 a multiple of 4?
False
Is 26 a factor of 4160?
True
Is 124 a factor of 669?
False
Does 49 divide 16372?
False
Does 33 divide 9141?
True
Does 17 divide 1255?
False
Is 11217 a multiple of 22?
False
Does 19 divide 798?
True
Is 17540 a multiple of 77?
False
Does 8 divide 1632?
True
Is 3425 even?
False
Does 9 divide 10188?
True
Is 34851 a multiple of 71?
False
Is 15 a factor of 90?
True
Does 26 divide 52?
True
Is 6 a factor of 58476?
True
Is 11363 a multiple of 20?
False
Is 7 a factor of 1498?
True
Is 98 a factor of 27832?
True
Does 23 divide 18799?
False
Does 30 divide 12577?
False
Does 13 divide 646?
False
Is 10626 a multiple of 7?
True
Does 3 divide 537?
True
Is 137 a multiple of 2?
False
Does 6 divide 48720?
True
Is 3877 a multiple of 46?
False
Does 120 divide 8880?
True
Is 4 a factor of 1268?
True
Does 5 divide 2378?
False
Does 95 divide 80028?
False
Is 23 a factor of 960?
False
Does 65 divide 6072?
False
Is 39937 a multiple of 27?
False
Is 12 a factor of 432?
True
Is 695 a multiple of 100?
Fal